greatest common divisor of 11292 and 182701737.
2823
What is the greatest common divisor of 155 and 2436507?
31
Calculate the highest common factor of 55 and 4097764.
11
What is the highest common factor of 1247 and 512689?
43
What is the highest common divisor of 369 and 320346?
9
Calculate the greatest common divisor of 13656643 and 1131.
13
Calculate the greatest common divisor of 6497 and 345943.
89
Calculate the highest common factor of 243 and 64506537.
243
Calculate the highest common divisor of 1310432 and 16740.
124
Calculate the highest common divisor of 482 and 1976330381.
241
Calculate the highest common divisor of 514311 and 7581.
399
What is the greatest common factor of 31010299 and 38?
19
Calculate the greatest common divisor of 223812968 and 8.
8
Calculate the greatest common factor of 308925309 and 811.
811
Calculate the highest common factor of 87552 and 29882880.
4608
Calculate the highest common divisor of 238 and 2050874.
14
Calculate the highest common divisor of 9603 and 2757051.
99
What is the greatest common factor of 610875 and 1101385?
905
What is the highest common factor of 36450 and 10550?
50
What is the greatest common divisor of 117381157 and 2086?
149
Calculate the highest common factor of 2494750 and 650.
50
Calculate the greatest common divisor of 598362 and 2976.
186
Calculate the greatest common factor of 8874 and 49843286.
986
What is the highest common divisor of 38457 and 6804?
9
What is the greatest common factor of 14598461 and 10693?
629
Calculate the greatest common divisor of 6463825 and 750.
25
Calculate the greatest common factor of 20264 and 1076780.
68
Calculate the highest common factor of 15947 and 122581.
37
Calculate the highest common divisor of 3606 and 67593.
3
Calculate the highest common factor of 196723 and 3429.
127
Calculate the greatest common divisor of 34336150 and 15.
5
What is the greatest common factor of 3380 and 8457160?
20
Calculate the highest common divisor of 36509 and 4631.
11
What is the greatest common divisor of 3312542 and 8074?
734
Calculate the greatest common divisor of 147 and 157087665.
21
What is the greatest common factor of 1368 and 83853270?
342
Calculate the greatest common factor of 838861 and 547267.
2113
Calculate the highest common divisor of 61063 and 454.
227
What is the highest common factor of 7313224 and 14320?
1432
What is the highest common factor of 2831178 and 18?
6
Calculate the highest common divisor of 182213 and 4723358.
709
What is the highest common divisor of 74592 and 958797?
63
Calculate the highest common factor of 3859155 and 84861.
4041
Calculate the highest common divisor of 24827 and 53169.
37
Calculate the greatest common factor of 77953 and 25345.
137
Calculate the greatest common factor of 879528170 and 1970.
1970
What is the highest common divisor of 2552 and 9908140?
1276
Calculate the greatest common divisor of 11648 and 4396.
28
What is the highest common factor of 355833 and 3657?
69
Calculate the highest common divisor of 41769947 and 841.
841
What is the highest common factor of 34447 and 41846?
49
Calculate the highest common factor of 7089732 and 26910.
234
What is the greatest common divisor of 3 and 12617001?
3
Calculate the highest common factor of 28 and 65196747.
7
What is the highest common divisor of 469 and 160285507?
67
Calculate the highest common factor of 73507 and 1561.
7
Calculate the greatest common divisor of 18375 and 3852000.
375
Calculate the highest common divisor of 72 and 8035938.
18
Calculate the highest common divisor of 25 and 290725425.
25
What is the highest common divisor of 42683826 and 11796?
5898
What is the greatest common factor of 3379 and 5623855?
109
Calculate the greatest common divisor of 182 and 834540434.
182
What is the greatest common divisor of 10852469 and 86?
43
Calculate the highest common factor of 4983 and 45582823.
1661
Calculate the greatest common factor of 3339 and 23473912.
371
Calculate the greatest common factor of 41753325 and 2130.
1065
Calculate the highest common divisor of 126122576 and 64.
16
Calculate the highest common divisor of 6311410 and 210.
70
Calculate the greatest common divisor of 140 and 56776832.
28
What is the greatest common factor of 1618982802 and 356?
178
What is the greatest common divisor of 98 and 120966937?
49
What is the greatest common divisor of 64 and 57927824?
16
What is the greatest common factor of 9005630 and 50?
10
What is the highest common divisor of 1492 and 137788438?
746
What is the greatest common divisor of 16430037 and 22776?
2847
Calculate the greatest common divisor of 168175 and 817439.
217
Calculate the highest common divisor of 6012132 and 225036.
1596
Calculate the highest common divisor of 14201936 and 1224.
136
Calculate the greatest common divisor of 98352991 and 759.
253
Calculate the highest common divisor of 1742779 and 253.
23
Calculate the greatest common factor of 7 and 148739283.
7
What is the highest common factor of 305 and 5503115?
305
What is the greatest common divisor of 32 and 4606312?
8
What is the greatest common divisor of 26 and 170217?
1
What is the highest common divisor of 960 and 1311745?
5
What is the highest common factor of 292624 and 14576?
16
What is the highest common divisor of 174 and 118464594?
174
Calculate the greatest common divisor of 89328384 and 14976.
1152
Calculate the highest common factor of 5670968 and 10.
2
What is the greatest common divisor of 19226156 and 584?
292
Calculate the highest common factor of 30445425 and 380700.
10575
What is the highest common divisor of 8320 and 2459780?
20
What is the highest common factor of 52 and 1243124012?
52
Calculate the highest common divisor of 16311538 and 12502.
1786
Calculate the greatest common divisor of 103050324 and 186.
186
Calculate the highest common divisor of 116 and 1103252.
4
Calculate the greatest common divisor of 57192 and 78896.
8
What is the greatest common divisor of 52962986 and 202?
202
Calculate the greatest common divisor of 485050 and 14500.
50
What is the greatest common divisor of 41170012 and 635583?
4927
Calculate the greatest common factor of 14784 and 199212552.
1848
Calculate the highest common divisor of 127 and 85549359.
127
Calculate the highest common factor of 27 and 1957395159.
27
Calculate the greatest common divisor of 14 and 2295325676.
14
What is the greatest common divisor of 1040 and 1546220?
260
What is the highest common divisor of 225470443 and 22?
11
What is the highest common factor of 574 and 16541245?
287
What is the highest common factor of 6846 and 6377049?
3423
Calculate the greatest common divisor of 945 and 27445173.
21
Calculate the greatest common divisor of 2573 and 71641.
31
Calculate the highest common divisor of 91402 and 1206109.
1987
Calculate the greatest common divisor of 148074 and 416324.
2146
Calculate the highest common divisor of 579 and 18129.
3
What is the highest common divisor of 1500134 and 1416?
118
What is the highest common divisor of 56 and 35986517?
7
Calculate the greatest common factor of 6 and 11383062.
6
Calculate the greatest common factor of 15915 and 1875.
15
Calculate the highest common factor of 67685272 and 2006.
118
Calculate the highest common factor of 3509341 and 6787.
11
Calculate the greatest common factor of 1168 and 58561184.
1168
Calculate the greatest common divisor of 1948 and 187487695.
487
What is the highest common divisor of 545636 and 63518?
182
What is the greatest common divisor of 24 and 38319064?
8
What is the highest common divisor of 447531 and 10475619?
2121
Calculate the highest common factor of 121753104 and 88.
88
Calculate the greatest common factor of 12671196 and 8.
4
Calculate the greatest common factor of 15560 and 428580.
20
What is the highest common factor of 2869116 and 252?
12
Calculate the greatest common factor of 3504 and 1176764964.
876
What is the greatest common divisor of 60 and 112413540?
60
What is the highest common factor of 13696648 and 280?
56
What is the greatest common factor of 470 and 660444?
94
Calculate the greatest common divisor of 344355713 and 65.
13
Calculate the highest common divisor of 4959 and 2290507.
551
Calculate the highest common divisor of 39694 and 70914.
446
Wha